 + z, -4*v - 2*z = -380. Suppose 3*s = -2*m + 1119 - v, -4*m = 5*s - 2053. What is the units digit of m?
7
Suppose 5*o + 2*n - 5 = 7*n, 5*n = -o + 7. Let t(m) = 2*m - 2 - 4*m + m + 10*m**2 - 8*m**o - 18*m**3. What is the units digit of t(-2)?
2
Suppose 412663 + 2578654 + 4600351 = 196*s. What is the hundreds digit of s?
7
Let o = 16455 + -11901. What is the tens digit of o?
5
Let x(p) = -p**3 - 11*p**2 - 9*p - 3. Let i(q) = -9*q**2 - 2*q - 1. Let n be i(1). What is the tens digit of x(n)?
4
Suppose 0 = 115*y - 118*y - 579. Let t = 317 - y. What is the hundreds digit of t?
5
Let g = 681 + -380. Suppose 0 = 10*h - 222*h + 38160. Let o = g - h. What is the hundreds digit of o?
1
Suppose 80*o + 22*o - 11*o - 1642459 = 0. What is the tens digit of o?
4
Suppose 11*y + y - 28008 = 0. Suppose 55*g + y = 58*g. What is the hundreds digit of g?
7
Suppose d = -3*r - 988, 2 + 1 = 3*r. Let t = -556 - d. What is the hundreds digit of t?
4
Let s = 1011 + 13633. What is the tens digit of s?
4
Suppose o - 2*o + 7 = 0. Let f = 9 - o. Suppose 13 = f*w - 33. What is the tens digit of w?
2
Suppose p + 4*a = 2*a + 7, 0 = 3*p + 3*a - 15. Suppose -5*b = 3*v - 1421, -p*b = -v - 1 + 456. What is the tens digit of v?
6
Suppose 13*u = 10*u + 9. Suppose -u*b + 7*b = 300. What is the tens digit of b/3 + 1 - (-1)/(-1)?
2
Suppose 2*b + 19 + 2 = -u, 2*u + 33 = -3*b. What is the units digit of (-7519)/b - 12/27?
5
What is the tens digit of (3/18)/(4 - (-14)/(-4))*24819?
7
Suppose 0 = 2*n - 10 - 4. Suppose -n*q + 49 + 0 = 0. Suppose q*k - 734 - 435 = 0. What is the units digit of k?
7
Let n(y) be the second derivative of -5*y**3/6 + 60*y**2 + 61*y. What is the tens digit of n(-23)?
3
Let c = -39820 - -69559. What is the ten thousands digit of c?
2
Let q be (-132)/(-26) + (-37)/481. Suppose -q*s = -2*s + 3*c - 4605, 0 = -s - 3*c + 1531. What is the hundreds digit of s?
5
Let q = 194626 - 130832. What is the units digit of q?
4
Let w(k) = -k**3 + 7*k**2 - k + 6. Let b be w(7). What is the tens digit of -4*(b + 0) + 523 + 17?
4
Suppose 29*q - 138132 = 353621. What is the tens digit of q?
5
Let g = 9324 + -924. What is the units digit of g?
0
Let a(d) = -1504*d - 169. What is the tens digit of a(-7)?
5
Suppose 320*o = 316*o + 12. Suppose o*v = -5*a + 1263 + 40, -2*v + 2*a = -890. What is the units digit of v?
1
Let u = 64 - 68. Let t be -1*4945/(-5) + u. Suppose -5*h = -5*z + t, 7*h - 3*h = 3*z - 588. What is the tens digit of z?
0
Let c = 379 - -184. Let v = c - 239. What is the tens digit of v?
2
Suppose -1322 = -75*o + 77*o. Let n = o + 916. What is the hundreds digit of n?
2
Let n = 427 - -3346. What is the tens digit of n?
7
Let m be (-68)/(-20) + 6/10. Suppose -248 = 8*o + 88. What is the units digit of 186/m*o/(-9)?
7
Let b be (-1)/(-7) + (-19344)/21. Let h = 1325 + b. What is the hundreds digit of h?
4
Suppose -5*q + 3325 = -5*d, -4*q + 192*d + 2657 = 187*d. Suppose o + 3*o - 20 = 0. Suppose o*z - q = 367. What is the units digit of z?
7
Let w(d) = 114*d**2 - 15*d + 63. Let m be w(7). Suppose -c = 5*c - m. What is the tens digit of c?
2
What is the ten thousands digit of 1242296/56 + 4 + (-5)/(35/6)?
2
Suppose 95 = -5*d - 5*a, 0*a - 4*a = -2*d - 14. Let b be 2 + d/10 - 5/(-2). Suppose -7*y + 480 = -b*y. What is the units digit of y?
0
Suppose k - 13203 = 5*g, 5*k + 2*g = 54410 + 11524. What is the tens digit of k?
8
What is the thousands digit of ((2/(-6))/((-8)/(-6)))/((-754)/24480872)?
8
Suppose -30 = -4*d - 4*g - 10, -4*d + 4*g + 12 = 0. Suppose -d*b - 627 = -7*b + 4*c, 4*b - 861 = -3*c. What is the hundreds digit of b?
2
Let z(i) = i**3 - 10*i**2 + 11*i + 40. Let h be z(8). Suppose 0 = 2*x + 2*t - 148, h = 2*x + 3*t - 16 - 135. What is the tens digit of x?
7
Suppose 4*i + 4*z - 20 = 0, 0 = -4*i - z + 17 - 3. Suppose g + 82 = -i*b - 878, 320 = -b + g. What is the units digit of -3 + 1 - (0 - b/(-2))?
8
Suppose -6*s + 10081 + 34341 = -33032. What is the units digit of s?
9
Let t(i) = i**3 + 3*i**2 - 48*i - 1. Let q be t(6). Suppose -l + q = k, 10 + 15 = 5*k. What is the units digit of l?
0
Let i(n) be the first derivative of -n**7/420 + n**5/40 + n**4/3 + 16*n**3/3 + 13. Let j(f) be the third derivative of i(f). What is the units digit of j(-4)?
4
Let b(j) = j**2 - 8*j + 37. Suppose -16*d = -7*d - 63. Let m be b(d). Suppose -26*q + m*q = 164. What is the tens digit of q?
4
Let f(k) = 66*k**3 - 10*k**2 + 3*k - 57. What is the thousands digit of f(6)?
3
What is the thousands digit of 14 + -20 - (-3059)/(4 + -3)?
3
Let n = 260 - 257. Suppose -37 - 46 = -o - n*w, -w = 5*o - 443. What is the units digit of o?
9
Let j = 385 - 257. Suppose -1203 = -4*k - 3*u - j, 2*u = k - 277. What is the hundreds digit of k?
2
Suppose 52*m + 19*m + 6*m - 890351 = 0. What is the tens digit of m?
6
Let k = -13 - -8. Let q = -4 - k. What is the units digit of 73 + (0 - q) - -1?
3
Let i(w) = w**2 + 5*w - 4. Let o be i(-6). What is the tens digit of (-3002)/(-6) - (o + (-40)/15)?
0
What is the units digit of -8 + 1 + 6166 + 5*(-5)/(-25)?
0
Let n(r) = 849*r - 23. Let l be n(3). Suppose 6*x - 524 = l. Suppose -z = 3*a - 746, 2*a - z - x = z. What is the tens digit of a?
5
Let h(b) = -3*b**3 + b**2 - 5*b - 5. Let q be h(6). Let z = q + 946. What is the hundreds digit of z?
2
Suppose 37 = 4*t + 1. Let w(i) = 0*i - 27 - t*i - 5*i. What is the tens digit of w(-3)?
1
Let c(l) = 8*l - 2*l + 12*l + 8*l + 23*l - 102. What is the tens digit of c(22)?
7
Let g = 1622 - -4212. What is the hundreds digit of g?
8
Let o(u) = 2*u**3 - 40*u**2 - 97*u + 112. What is the units digit of o(25)?
7
Let h = 11692 - 10609. What is the tens digit of h?
8
Let b be ((-18)/(-10))/((-3)/(-195)). Let m = b - 239. Let x = m + 188. What is the units digit of x?
6
Let a = -850 + 853. Suppose -a*q - x + 4393 = 0, -2*x - 2926 = -3*q + q. What is the tens digit of q?
6
Suppose -10 = 3*h - 2*c, -4*c = -h + 2*h - 20. Let r(n) = -n**2 + n + 534. Let l be r(h). What is the units digit of (-3 + (-3 - -5))*l/(-3)?
8
What is the ten thousands digit of (1 - 1196/12)*(-112 - (-56)/(-7))?
1
Let d(w) = w**2 - 2*w + 91. Let j be d(0). Suppose -j - 533 = 6*x. Let p = -28 - x. What is the tens digit of p?
7
Let d(j) = -10 - 16855*j + 8438*j + 8424*j. Let q = -31 - -44. What is the tens digit of d(q)?
8
Let x = 49 + -47. What is the hundreds digit of 22572/60 + x*1/(-10)?
3
Suppose -c - 4*s + 1511 = -4571, -2*s = 3*c - 18236. What is the units digit of c?
8
Let o(k) = 277*k**2 - 119*k - 535. What is the tens digit of o(-11)?
9
Let s be -4 - 18/(3 + -2). Let h be s/(-77) - 66/(-14). Suppose -4*n + 236 = -2*g, -2*n + 4*n - h*g - 102 = 0. What is the units digit of n?
1
What is the tens digit of 2 + 15 + -17 + 3/(6/15662)?
3
Suppose 10820009 - 295097 = 464*l. What is the ten thousands digit of l?
2
Suppose -5*o + 3 - 38 = 0. Let p(j) = -j**2 - 5*j + 8. Let t be p(o). Let d(u) = -8*u - 2. What is the tens digit of d(t)?
4
Suppose 4*g - 4*s = -996, -3*g - 5*s = 175 + 564. Let x = 638 - g. What is the units digit of x?
6
Let a(i) = -i**3 - 17*i**2. Suppose 4*r + 119 = -3*r. Let k be a(r). Suppose -11*p + 1141 + 135 = k. What is the units digit of p?
6
Suppose -232 + 70 = -6*v. Suppose -v*i = -21318 + 4308. What is the tens digit of i?
3
Suppose 14 - 4 = 2*v. Suppose 574 = v*h + 2*h. Suppose -3*f + h = -k, 4*f - 4*k - 120 = -0*k. What is the units digit of f?
6
Let t(k) = -5*k - k - 10 + 5. Let c be t(12). Let a = c + 127. What is the tens digit of a?
5
Suppose -r = -3*g - 9664, -r - g = -6983 - 2693. Suppose -12*h + 695 = -r. What is the units digit of h?
4
Suppose 28 - 8 = -10*t. What is the hundreds digit of 211 + -3 + (-6)/t?
2
Suppose 4567 + 3161 = -8*v. Let b = 1393 + v. What is the units digit of b?
7
Let p(w) = -w**2 + 10*w - 18. Let k be p(6). Let q(g) = g**3 - g**2 - 8*g + 4. What is the tens digit of q(k)?
3
Suppose -2*u + u = -2, 5*u = -a - 434. Let r = -205 - a. What is the tens digit of r?
3
Let g(j) = -3*j**2 - 7*j - 14. Let k be g(-6). Let r = k - -83. Suppose 76 = r*n - 164. What is the units digit of n?
0
Let t(l) = 16*l - 20. Suppose 2*z + 76 = -0*z. Let w = -30 - z. What is the units digit of t(w)?
8
Let v = -8629 - -19660. What is the ten thousands digit of v?
1
Suppose b + 3*z + 607 = -910, -3*z = -b - 1511. Let o = b - -2438. Suppo